test common divisor of 19 and c?
19
Let d(b) = -b + 59. Let u be d(15). Calculate the highest common divisor of u and 1584.
44
Let t be ((-1)/(-2))/((-2)/12). Let i(m) = -1 + 13*m - m**3 - 3*m**2 - 16*m + m**2. Let a be i(t). Calculate the greatest common factor of a and 153.
17
Let y be (-1 - (-9 + 7))/(5/85). Calculate the highest common factor of y and 731.
17
Let z = 1701 + -1200. Calculate the greatest common factor of z and 3.
3
Let h = -89 + 583. Calculate the highest common divisor of 26 and h.
26
Suppose 274*p - 780 = 259*p. What is the greatest common factor of 390 and p?
26
Let m = 39 - -13. Suppose 4*y = 4, s + 4*y = -15 + m. Calculate the highest common factor of 33 and s.
33
Let p = 3548 - 3528. Let k = -36 - -51. What is the highest common factor of k and p?
5
Suppose 0 = 3*h - 2*q - 72, 5*q - 120 = -5*h + 2*q. Suppose -16*y - 3*y + 456 = 0. Calculate the highest common factor of y and h.
24
Let d(x) = -x**2 + 24*x + 41. Let n be d(15). What is the greatest common divisor of n and 16?
16
Let l be (-6)/((-144)/56)*24. Calculate the highest common factor of l and 35.
7
Suppose -3*i + 33 = 3*l, -2*l + 3*i = 7 - 54. Let f = 42 + -44. Let k be 6/(0 + f) - -2 - -5. Calculate the highest common divisor of k and l.
4
Let j(a) = -17*a - 25. Let p be j(-2). Calculate the highest common divisor of p and 6.
3
Suppose 5*i + 5*g = 140, 2*i = -3*g + 2*g + 55. What is the greatest common factor of 45 and i?
9
Suppose 0 = -7*o + 4 + 17. Suppose 0*g = 2*g - 4*i - 288, -426 = -3*g + o*i. What is the highest common factor of 14 and g?
14
Let t be (-4 + 7/2)*-4. Suppose -5*p = 3*w - 33, 2*w - 22 = -0*p - t*p. Let k(m) = -8*m - 7. Let b be k(-5). What is the greatest common divisor of w and b?
11
Suppose 7*r - 23 - 257 = 0. Calculate the greatest common factor of 410 and r.
10
Let l = -5 + 7. Let a be (l/(-4))/((-2)/120). Suppose 614*g - 607*g = 140. What is the highest common factor of g and a?
10
Let u(k) = 11 + 2*k**2 - 10*k + 5*k**2 - 6*k**2. Let q be u(-9). What is the greatest common divisor of q and 14?
14
Let r = -581 - -611. Calculate the highest common factor of 690 and r.
30
Let h = 15 + -11. Let o be (-2)/6 + (-77)/(-33). Suppose b - o = 4. What is the greatest common factor of h and b?
2
Suppose 0*x = -2*x + 12. Suppose -x*c + 8*c - 72 = 0. Let u = c + -8. Calculate the highest common divisor of 42 and u.
14
Let l be (((-1638)/(-24))/13)/((-6)/(-32)). Calculate the greatest common divisor of l and 196.
28
Let f = -64 - -102. Suppose -34 = -9*m + f. Let o(w) = -w**3 + 6*w**2. Let y be o(4). Calculate the greatest common factor of y and m.
8
Suppose 3 = -3*j, 2*j + 23 = 2*z + 5. Suppose -10 = -2*x, 5*q = z*x - 5*x + 45. Calculate the highest common factor of 8 and q.
4
Let l be (1*-12 + 2)/(-1). Let w(h) = -4*h**2 - 10*h + 55. Let a be w(-5). What is the greatest common factor of l and a?
5
Suppose -2*a + 274 = 2*j, 2*a - 3*j + 2*j - 283 = 0. What is the highest common divisor of a and 20?
20
Let u = -434 - -305. Let j = -50 - u. Let p = 223 - j. What is the highest common factor of p and 16?
16
Let m = -120 + 64. Let n = -52 + 16. Let k be n*(m/12 + 3). Calculate the greatest common divisor of k and 15.
15
Let x = -1088 - -1330. What is the greatest common factor of 22 and x?
22
Suppose -6*a = -1168 - 1682. What is the greatest common divisor of a and 19?
19
Let c = 274 + -184. What is the highest common factor of 135 and c?
45
Suppose -51*u - 57 = -54*u. Suppose -3*w - 3*k - 1530 = 0, -2*w - 2*w + 5*k - 2049 = 0. Let a = -302 - w. Calculate the highest common divisor of u and a.
19
Suppose 2*f = 5*h - 140, h - 18 = -3*f - 7. Let n be 530/(-65) - (-4)/h. Let z be 88/(1*(-4)/n). Calculate the highest common divisor of z and 22.
22
Suppose q + 2*v = 50, 26 - 11 = 5*v. What is the highest common factor of q and 110?
22
Suppose -3*x + 6 = -0*x. Suppose -3*z + 225 = 3*r, z - 25 = -x*r + 122. What is the greatest common divisor of 18 and r?
18
Suppose 0 = 21*x - 26*x + 115. Calculate the highest common divisor of 943 and x.
23
Suppose 2*y + 0*y = -4*j + 120, 4*j - 4*y - 120 = 0. Let q(t) = 119 - 115 + 17*t - 49. Let k be q(3). What is the greatest common divisor of j and k?
6
Suppose 3*a - u - 435 = 0, -475 = -4*a + 4*u + 113. Let d = -43 + 79. Calculate the highest common factor of d and a.
36
Suppose 3*m - 392 - 196 = -3*l, m - 199 = -4*l. Let s = 108 + -69. Calculate the greatest common divisor of s and m.
39
Suppose -20 = 4*q, -18 - 5 = -l + q. What is the highest common factor of l and 198?
18
Let m = -103 + 101. Let r be 546/(-4)*m/3. Calculate the greatest common factor of 14 and r.
7
Suppose 0 = 13*g - 13442 - 28678. What is the highest common divisor of g and 72?
72
Let b = 10 - 3. Suppose 0 = -3*o - 2*h - 734, 0 = 4*h - 13 - b. Let d = o - -363. What is the greatest common factor of 23 and d?
23
Let g(l) be the second derivative of -l**5/20 - l**4/2 + 5*l**3/6 - l**2 - 2*l. Let u be g(-7). Calculate the greatest common factor of 30 and u.
6
Let q be 78/4*(-1 + 3). Suppose -15*f = -18*f + q. Let w be 27/6*14 - -2. What is the greatest common divisor of f and w?
13
Suppose 140 = -17*f + 12*f. Let k be (4 + f/8)*40. What is the highest common factor of k and 4?
4
Suppose -17*r = -1506 + 520. What is the highest common divisor of 232 and r?
58
Let p = -1076 + 1083. What is the greatest common factor of p and 119?
7
Let o = -9 - -11. Suppose -2*p + o = g - p, -5*g + 6 = p. Let s be (g + (2 - -1))*3. What is the highest common factor of s and 18?
6
Let l be (-10)/(15/3) + 1*268. Suppose -22 = -9*z + l. Calculate the highest common factor of 2 and z.
2
Suppose 0 = 3*z - 5*a - 133 - 216, -2*z = a - 224. Let y = 242 - z. What is the greatest common factor of 86 and y?
43
Suppose 3*s - 5*d = -10 - 4, 5*s = -2*d + 18. Let w be 108/14 + s/7. Calculate the highest common divisor of 2 and w.
2
Let f be 3 + (70/(-5) - 1). Let b(s) = 3*s - 7. Let w be b(9). Let a be f/w + (-23)/(-5). What is the greatest common factor of a and 20?
4
Suppose 167*g - 3474 = 2538. Let y be (-9)/(-4)*8/(-3). Let k(l) = 2*l**2 + 10*l + 6. Let d be k(y). What is the greatest common factor of d and g?
18
Let m be (4 - 5)*(-5)/1. Let q be m/2*24/4. Calculate the highest common divisor of 6 and q.
3
Let b(p) = -22*p**2 - p. Let o be b(-1). Let z = o + 18. Let j be ((-1)/z)/((-9)/(-405)). What is the highest common divisor of j and 15?
15
Suppose 59*r - 180 = 115. What is the greatest common divisor of r and 13?
1
Suppose 0 = r - 2, -4*c - 2*r + 4*r + 24 = 0. What is the greatest common factor of 14 and c?
7
Let q(s) = -s**3 - 13*s**2 - s - 1. Suppose 0 = 4*h - 4*a + 48, -3*a + 29 = -5*h - 33. Let x be q(h). Calculate the greatest common factor of 48 and x.
12
Let u be (-1)/2 + 237/6. Let h = -4306 - -4319. What is the greatest common factor of u and h?
13
Let b be (-3252)/(-54) - (-5)/(45/(-2)). Calculate the greatest common factor of b and 20.
20
Let u = 15 - 12. Suppose 2*t - u*b + 0*b = -55, 5*t + 5*b = -75. Let c be (-1)/(t/6 + 3). Calculate the highest common factor of 6 and c.
3
Suppose 0 = 22*z - 24*z + 326. Suppose 133 = 4*o - z. Calculate the highest common factor of o and 37.
37
Suppose 4*k = -5*h + 663 + 93, -5*h + 378 = 2*k. Let j(o) = -o**3 + 21. Let y be j(0). What is the greatest common factor of y and k?
21
Let r be ((-20)/(-16))/(5/(-20))*-19. Let h = 38 + -19. Calculate the greatest common factor of r and h.
19
Let a be 0/(-4 + 3) - -12. Let j(i) = -i**3 + 12*i**2 + 2*i - 17. Let v be j(a). What is the greatest common factor of v and 14?
7
Let u be ((-52)/(-6))/((-2)/3). Let a = 13 + u. Suppose -5*y + 8 = -a*g - g, 0 = 2*y + g + 1. Calculate the highest common factor of 2 and y.
1
Suppose -3*i + 70 = -2*k, 0 = -4*k + 3 + 1. Suppose 2*l = -5*n + 608, 5*n - 131 = 3*l + 457. What is the highest common divisor of i and n?
24
Let l = 712 + -677. Calculate the highest common divisor of 55 and l.
5
Let y(t) = -t**2 + 7*t + 33. Let s(r) = 2*r**2 - 15*r - 67. Let v(z) = -6*s(z) - 13*y(z). Let i be v(18). Calculate the greatest common factor of i and 31.
31
Let v(q) be the third derivative of -q**4/4 - q**3/2 + 27*q**2. Let x = 1 + -4. Let n be v(x). What is the highest common divisor of n and 30?
15
Let q(b) = -4*b**2 + 14*b + 16. Let z be q(7). Let u = z - -117